Suppose -j*o + 66 = -3*o. Is o a composite number?
True
Suppose 10*n = -n + 2541. Let z = -71 + n. Is (-2 + z)/(-2 + (2 - -2)) composite?
False
Suppose -b = 5*d - 0*d + 16, -3*d - 5 = -4*b. Let r be -45 + (0 - (-3)/d)/(-1). Is 1143/6*r/(-6) composite?
True
Suppose 6*f - 4232 = 70. Suppose -3*a + 23*j = 20*j - 27, 5*j + 33 = 4*a. Suppose -315 = -a*o + f. Is o composite?
True
Let j be (0 - 20/(-5))*1. Suppose 2 + 2 = -4*z, j*m = -4*z + 7008. Is m prime?
True
Let o(b) = 44*b**3 - 22*b**2 + 50*b - 131. Is o(19) composite?
False
Is 1/(-14)*-21*400810/15 prime?
False
Suppose -5*s + 18 = 43, 2*s = 4*w + 338. Suppose 5*u = a + 183, -2*u + 0*u = 6. Let r = w - a. Is r a composite number?
True
Let h(q) = 391*q**2 - 3*q + 3. Let k(d) = 4*d**3 + 2*d**2 + 2*d + 1. Let n be k(-1). Let j be 1/(n/6 - -1). Is h(j) prime?
False
Let t(x) = -x**2 + 1. Let s(y) = -289*y**2 + y - 7. Let c(b) = -s(b) - 4*t(b). Is c(-2) composite?
True
Let k = 421 - -12462. Is k a prime number?
False
Let j be -3*419997/(-99) + 6/(-33). Suppose -7*v + 4*v = 4*y - j, 5*v = y + 21204. Let k = v + -2860. Is k prime?
True
Suppose -21*p + 1546836 = 277659. Is p a composite number?
True
Suppose y = -4*y + 42185. Let j be -1*(-5 - (-228)/42 - (-6)/(-14)). Suppose 7*p + 6*p - y = j. Is p prime?
False
Let v be (((-78)/8)/3)/(4/272). Let h = 398 - v. Is h a prime number?
True
Suppose 0 = -17*j - 17*j + 543306 - 13212. Is j prime?
False
Let o = 24088 - 11841. Is o a composite number?
True
Let c(a) = a**3 - 9*a**2 - 21*a - 7. Let i be c(11). Suppose -i*r = 2*s - r - 6203, -3099 = -s - 4*r. Is s prime?
False
Let c(d) = 175*d**2 - 39*d - 218. Is c(-8) a prime number?
False
Suppose -22548*a - 724833 = -22557*a. Is a a prime number?
True
Suppose -j + 2*i + 1925 = 0, -3*j + 4*i + 9096 = 3319. Let p = j + -240. Is p composite?
True
Is 1 - -1*8 - (-193 + -23257) a prime number?
True
Let k = -700132 + 1087019. Is k composite?
False
Let w(n) = 170*n**2 - 43*n - 16. Is w(-25) prime?
True
Let a be ((-95)/76)/(1/24). Is 3222 - (a/(-26) + (-24)/156) a prime number?
True
Let m be 5 + 0 - (7 + 18/(-3)). Suppose m*t = 5*t - 3713. Is t composite?
True
Let d(p) = -131 + 114 + 14*p**2 + 4*p + 3*p + p**2. Is d(18) prime?
True
Let z = 10106 - -42707. Is z prime?
True
Suppose -1 - 3 = -t. Suppose -3*z + 9 = t*q, -3*z + 7 = -z + 3*q. Is (-182)/(-8) + z - 63/84 a prime number?
False
Suppose -10*n + 1 + 9 = 0. Let l be n/(-2) + (-5)/(-2). Suppose -52 - 304 = -l*j. Is j composite?
True
Let a(o) be the first derivative of 149*o**7/840 - 7*o**3/3 - 12. Let y(n) be the third derivative of a(n). Is y(1) prime?
True
Let u be 1/((3 - -2)/15). Suppose -o - 5*v + 1082 = 0, 0*v + u*v = -3. Is o a composite number?
False
Let x(t) = t**3 + 9*t**2 - 10*t - 9. Let i be x(-8). Suppose -3*c - 4*m + 288 = 0, m - 345 - i = -5*c. Let f = 183 - c. Is f a composite number?
True
Let j be (-2)/((-48)/12548) + 5/30. Let o = j + 2244. Is o composite?
False
Let m be (-6756)/2 + 2 + 5 + -10. Let u = m + 9624. Is u prime?
False
Let d(a) = 1994*a + 43. Let j be d(14). Let t = j + -16919. Suppose 5*q - 1523 = -2*y + t, 2*y - 10050 = -4*q. Is q a composite number?
True
Let j(a) = 709*a + 4. Let h be (-1 + 5 + -6)/(2/8). Let u be 5 - 1/(-2)*h. Is j(u) composite?
True
Is ((-8)/(-20))/((-5)/(-6) + 32552901/(-39063870)) prime?
False
Let h = 309797 + -220430. Is h composite?
True
Suppose -8*t + 2630 = 2*t. Suppose 5*m - 5*z - t + 33 = 0, -2*m - 4*z = -122. Is m composite?
True
Suppose -v - 20 = -5*v. Suppose -v*g = 4*k - 9189, -2*g + 2907 = -3*k + 9816. Suppose 7*y - k = 4*y. Is y prime?
False
Suppose 2*w - 54 = -44. Suppose -2*z - 12*s + 113 = -15*s, 5*s - w = 0. Is z prime?
False
Is ((-2729436)/72)/((-19)/114) composite?
False
Let k(o) = -o**3 - 4*o**2 - 2*o + 24. Let v be k(8). Let z = v + 12425. Is z a composite number?
True
Let k = -114 - -119. Suppose s = -2*p + k*p + 6834, 3*s = -2*p + 20535. Is s a composite number?
True
Suppose 141*y = 1820084 + 231430 + 184605. Is y prime?
True
Suppose -a - 3*l - 5 = 0, 0 = -4*a + 5*l + 15 + 16. Suppose 2*f - 3*t - 5808 = 5*f, 3*f = -a*t - 5813. Let r = 3466 + f. Is r a composite number?
True
Let u(f) = 36*f**2 - 23*f - 117. Is u(-8) composite?
False
Let l(d) = 84088*d - 9. Is l(1) a prime number?
False
Suppose 54*s + 209*s = 11835263. Is s prime?
False
Suppose 12*n = 18*n - 240. Is 32/n - (-36482)/10 a composite number?
True
Is (56 - 9)/(2/262) a composite number?
True
Let z(i) = 31*i**3 + 61*i**2 + 76*i - 75. Let g(c) = -14*c**3 - 30*c**2 - 37*c + 37. Let h(u) = 13*g(u) + 6*z(u). Is h(16) a composite number?
False
Suppose -7*b + 106 = 43. Suppose -b = -4*j + j. Suppose 4*z - 6 - 14 = 0, -1220 = -5*w + j*z. Is w composite?
True
Let a(f) = 5*f**2 - 5*f - 11. Let l be a(5). Let t = -47 + l. Suppose -t*g + 4233 = -39*g. Is g prime?
False
Let f(m) be the second derivative of -5/2*m**2 - 26*m + 2/3*m**3 + 0 + 155/12*m**4. Is f(2) composite?
True
Let q(x) = x**2 - 4*x - 52. Suppose y - a = -12, -5*y - 95 = a + a. Is q(y) a composite number?
True
Let d(s) = 20*s**3 - 4*s**2. Let y be d(4). Let a = 3815 - y. Is a a prime number?
False
Let u(a) = -5*a + 89. Let r be u(16). Is (21/r)/(-7)*-26337 a prime number?
True
Let g(a) = a**3 - 11*a**2 + 2*a - 15. Let r be g(11). Suppose -3*n = -r*n + 1852. Let l = n - 272. Is l composite?
False
Let t(d) = -1641*d + 17. Let r be t(-7). Suppose -7*o - r = o. Is (-4)/(-3)*6/(-16)*o a prime number?
True
Suppose -4420 = -11*c + 6*c. Suppose c = 2*d - 468. Suppose 5*a = q - d - 620, -a = 5. Is q a composite number?
True
Let j = -4432 + 9131. Is j a prime number?
False
Is (539151/12 + 0)/((-62)/(-248)) composite?
False
Let l(g) = -193*g + 148. Let r = 261 - 276. Is l(r) composite?
True
Is 10*(-45)/150 + 283082 prime?
True
Suppose 225 = z + 3*i - 4*i, -4 = 2*i. Let t(h) = h**3 - 69*h**2 + 62*h + 411. Let l be t(68). Suppose -z = -3*x - l*s + 587, 5*x = -3*s + 1358. Is x composite?
True
Suppose -27*v = -22*v - 15. Suppose -v*q = -q. Suppose q*c + 478 = 2*c. Is c prime?
True
Suppose -o = 4, 2*o = r + o - 14. Suppose -2762 = -r*m + 5668. Is m a prime number?
False
Let t be -9*2/12*-14. Let b be 14/t + (-10382)/3. Let q = b - -5589. Is q prime?
True
Suppose -119566274 + 36768302 = -228*t. Is t a prime number?
True
Suppose -2*m + 116912 + 648070 = 8*g, m + g = 382512. Is m a prime number?
True
Let s = 237040 - 167931. Is s prime?
True
Let m(p) = -8*p - 71. Let c be m(-7). Is 6/c + 222183/45 prime?
True
Let i = 1004692 + 441609. Is i a prime number?
True
Let z be -2 - -22 - 2/1. Let u(s) = s**3 - 20*s**2 - 4*s - 9. Let n be u(z). Let b = n + 1310. Is b prime?
False
Let b = 277701 - 66562. Is b composite?
True
Let a(g) = -g**2 - 7*g + 3. Let k be a(-6). Let p(f) = 4 + 0*f**2 + 19*f**3 + 7*f - 20*f**3 + k*f**2. Is p(9) a composite number?
False
Let i(k) = 19*k**2 + 2*k + 5. Suppose -8*p + 74 + 14 = 0. Suppose 4*l - p + 35 = 0. Is i(l) prime?
True
Let c(g) = -2*g**3 - 14*g**2 - 3*g - 17. Let y be c(-7). Suppose i + y*b = -27, 2*i + 3*b - 51 = 5*i. Is ((i - 0)*-1)/((-6)/(-102)) composite?
True
Let f be 49/294 - (-23)/6. Let m(z) = 2928*z - 35. Is m(f) a composite number?
False
Let b = -2342 + 832. Let d = 3201 + b. Is d prime?
False
Suppose 43*c - 2507264 - 1777776 = 380546. Is c a prime number?
False
Let x(s) be the second derivative of 9/2*s**2 - 15*s + 3/20*s**5 - 2/3*s**4 + 0 + 2/3*s**3. Is x(7) composite?
True
Let z(r) be the first derivative of 28*r**3/3 - r**2/2 - 3*r - 25. Suppose 4*l - 5*s + 4*s + 24 = 0, -2*s + 12 = -2*l. Is z(l) a composite number?
True
Suppose 617*g + 16483 = 618*g. Is g prime?
False
Suppose 26*p = 30*p - 36. Suppose 2*d = -3*t + 11, -5*t + p*t = 3*d + 9. Suppose 0 = t*w + 1164 - 6129. Is w composite?
True
Suppose -2*n + l = 2706, n - 4*l + 1406 = 46. Let a = n - -1993. Is a a composite number?
False
Let r(s) = -2*s**3 - 4*s**2 - 10*s + 12. Let z be r(-10). Suppose -z = -9*v + 673. Is v composite?
True
Let u = 13050 + -161. Is u composite?
False
Let t(w) = 3*w - 88. Let f be t(30). Suppose 6*j - 2*j - y - 7560 = 0, -4*j - f*y + 7548 = 0. Is j a composite number?
False
Suppose -248511 = -4*g + 5*p, 2*g - 102059 = -6*p + 22137. Is g a prime number?
True
Suppose -2*l + 1040 = v + v, -5*v + 2570 = -l. Suppose 6*m - 1027 = v. Is m a prime number?
True
Let r(d) be the thi